**2 - 121*j - 55. Give d(18).
35
Let q(j) = -4*j**2 + 86*j - 49. Determine q(21).
-7
Let c(l) = l**3 + 2*l**2 + 32*l + 341. Give c(-6).
5
Let y(c) = c**3 - 30*c**2 + 187*c - 575. Give y(23).
23
Let s(f) = f**2 + 74*f + 859. What is s(-60)?
19
Let j(z) = 13*z - 240. Determine j(-11).
-383
Let j(n) = 9*n - 842. Determine j(94).
4
Let z(l) = l**2 + 28*l - 19. Determine z(-29).
10
Let k(f) = -7*f**2 - 34*f - 94. Calculate k(-3).
-55
Let d(w) = -29*w + 1202. Give d(45).
-103
Let w(z) = 60*z + 273. What is w(-6)?
-87
Let y(u) = -u**3 + 13*u**2 - 90*u + 258. Determine y(5).
8
Let s(c) = 120*c - 245. What is s(2)?
-5
Let v(p) = 3*p**2 + 40*p - 52. Calculate v(-15).
23
Let p(x) = 47*x + 60. What is p(-5)?
-175
Let l(g) = -79*g - 7207. What is l(-91)?
-18
Let k(c) = -602*c + 4207. What is k(7)?
-7
Let f(y) = 90*y + 4440. Determine f(-49).
30
Let v(b) = b**3 - 2*b**2 - 17*b + 1. Determine v(6).
43
Let v(f) = -3*f**3 - 42*f**2 + 353*f + 44. What is v(6)?
2
Let i(v) = 2*v**2 + 31*v + 3. Determine i(-16).
19
Let q(t) = -5*t**3 + 43*t**2 - 15*t + 2. Give q(2).
104
Let j(r) = -830*r**2 + 59*r - 59. Determine j(1).
-830
Let a(o) = 2*o**2 - 11*o - 131. Give a(0).
-131
Let i(k) = -k**2 - 50*k + 271. What is i(-55)?
-4
Let w(f) = -10*f**2 - 780*f + 3. Calculate w(-78).
3
Let u(x) = 102*x - 13567. Determine u(133).
-1
Let j(p) = 957*p - 10568. Calculate j(11).
-41
Let b(i) = -i**2 - 3*i + 1233. Determine b(33).
45
Let x(v) = 3*v**3 + 13*v**2 + 19*v + 8. What is x(-3)?
-13
Let o(t) = -t**3 - 19*t**2 + 43*t + 5. What is o(-21)?
-16
Let b(m) = -412*m - 2505. Give b(-6).
-33
Let p(q) = -24*q - 3136. Give p(-130).
-16
Let y(o) = 7524*o - 15035. Determine y(2).
13
Let w(y) = 19*y**2 + 433*y - 4845. Determine w(-31).
-9
Let z(v) = 11*v**2 + 2*v - 18. Determine z(4).
166
Let n(j) = j**2 - 36*j - 1105. Calculate n(56).
15
Let k(r) = r**2 - 10*r - 662. Determine k(31).
-11
Let s(c) = 546*c + 1106. Determine s(-2).
14
Let c(p) = p**3 + 16*p**2 + 46*p + 243. Give c(-14).
-9
Let u(g) = 3*g**2 + 682*g + 13009. Determine u(-21).
10
Let z(h) = 23*h**2 - 2*h + 3. Give z(-2).
99
Let p(i) = -64*i**3 + 2*i**2 - 15*i + 15. Calculate p(1).
-62
Let g(j) = -j**2 - 160*j - 779. Calculate g(-5).
-4
Let w(v) = 3*v**2 + 2724*v + 8146. Give w(-3).
1
Let p(w) = 454*w + 2341. What is p(-5)?
71
Let z(b) = b**3 + 40*b**2 + 78*b - 77. What is z(-38)?
-153
Let n(v) = 5*v**2 + 57*v - 296. Give n(6).
226
Let u(a) = 2*a**2 - 340*a + 8838. Give u(32).
6
Let h(i) = 4*i**2 + 50*i - 315. Calculate h(-17).
-9
Let n(d) = 7*d**3 + 27*d**2 - 49*d - 47. Calculate n(-5).
-2
Let u(o) = 43*o - 4136. Determine u(95).
-51
Let j(k) = k**2 - 17*k - 1504. Determine j(-31).
-16
Let c(w) = -8*w - 31. Calculate c(-4).
1
Let d(g) = g**2 + 20*g + 15. Calculate d(-18).
-21
Let s(u) = u**3 + 2*u - 159. Calculate s(0).
-159
Let q(k) = 163*k + 2773. Calculate q(-17).
2
Let a(u) = 105*u + 3037. What is a(-29)?
-8
Let b(g) = -7617*g - 7619. Give b(-1).
-2
Let c(p) = -98*p - 1562. Determine c(-13).
-288
Let l(q) = -4*q**2 - 29*q + 86. Calculate l(3).
-37
Let v(h) = -124*h + 8551. Determine v(69).
-5
Let g(d) = d**3 - 36*d**2 - 7*d + 242. What is g(36)?
-10
Let t(l) = -54*l + 1471. Give t(28).
-41
Let x(n) = n**3 + 13*n**2 - 23*n + 19. What is x(-15)?
-86
Let k(f) = -f**2 + 35*f - 272. Calculate k(17).
34
Let t(k) = 12*k**2 + 51*k + 9. Determine t(-4).
-3
Let f(w) = -w**2 + 362*w + 27255. Give f(-64).
-9
Let m(f) = -9*f - 105. Give m(-12).
3
Let r(k) = 3*k**3 + 27*k**2 - 8*k - 22. Calculate r(-9).
50
Let o(x) = x**3 - 123*x**2 + 735*x - 3851. Calculate o(117).
10
Let y(g) = -3*g**3 + 66*g**2 - 274*g - 2. Give y(5).
-97
Let p(a) = 9*a**3 - 7*a**2 - 39*a + 78. Give p(2).
44
Let s(x) = -x**3 - 15*x**2 + 16*x - 8. Determine s(-16).
-8
Let z(f) = 1548*f - 4636. What is z(3)?
8
Let t(y) = 149*y + 26. Calculate t(-2).
-272
Let p(w) = 244*w + 50034. Determine p(-205).
14
Let p(q) = 157*q - 1262. Give p(8).
-6
Let q(u) = 100*u - 1716. Determine q(17).
-16
Let j(i) = -i**3 + 20*i**2 - 118*i + 208. Calculate j(6).
4
Let l(y) = -7*y**3 - 14*y**2 + 172*y + 31. What is l(-6)?
7
Let b(r) = 164*r - 1975. Determine b(12).
-7
Let u(q) = 6*q**2 - 18*q + 147. What is u(15)?
1227
Let y(f) = -f**3 + 80*f**2 - 3*f + 6798. Calculate y(81).
-6
Let z(u) = u**3 + 8*u**2 - 542*u - 3298. Determine z(-6).
26
Let k(b) = -20*b**3 - 121*b**2 - 7*b + 1. What is k(-6)?
7
Let n(u) = -u**2 - 139*u + 1833. Determine n(12).
21
Let w(x) = -108*x - 3242. Give w(-30).
-2
Let c(i) = i**3 + 17*i**2 + 74*i. Determine c(-8).
-16
Let a(i) = 3*i**3 + 243*i**2 + 4918*i - 81. What is a(-41)?
1
Let k(g) = -5*g**3 - 86*g**2 - 106*g - 4. Determine k(-16).
156
Let j(h) = 11*h + 132. Give j(-7).
55
Let f(z) = 2*z**2 + 558*z + 37290. Calculate f(-111).
-6
Let s(r) = 3*r**3 - 39*r**2 + 37*r - 20. Calculate s(12).
-8
Let a(l) = 21*l - 469. Determine a(19).
-70
Let j(m) = 85*m + 327. Calculate j(-4).
-13
Let h(j) = 32*j**2 + 129*j - 159. What is h(1)?
2
Let x(g) = 5*g**2 - 142*g - 1689. Give x(-9).
-6
Let h(u) = -21*u**3 + 380*u**2 - 38*u + 41. Give h(18).
5
Let v(x) = -16*x - 315. Give v(-11).
-139
Let p(d) = -2*d**3 - 2*d**2 + 2*d - 10. What is p(0)?
-10
Let k(m) = 2*m - 240. Give k(124).
8
Let r(t) = -195*t - 2076. Determine r(-11).
69
Let o(a) = -2*a + 44. Give o(19).
6
Let m(u) = u**3 + 4*u**2 - 2*u + 2. Determine m(4).
122
Let i(t) = 32*t**2 + 989*t - 102. Determine i(-31).
-9
Let y(q) = 4*q**2 - 42*q - 364. Give y(16).
-12
Let x(j) = 5*j**3 - 41*j - 49. Calculate x(-6).
-883
Let s(z) = -7*z**2 - 116*z - 468. Determine s(-7).
1
Let y(k) = -k**3 + 28*k**2 - 229*k + 1099. Determine y(19).
-3
Let j(v) = -46*v + 3529. Determine j(77).
-13
Let y(w) = 185*w - 1307. What is y(7)?
-12
Let p(q) = -q**3 + 17*q**2 + 36*q + 10. What is p(19)?
-28
Let f(q) = -q**3 - 15*q**2 + 546*q + 65. What is f(-32)?
1
Let o(x) = x**2 - 153*x - 3280. Give o(-19).
-12
Let v(f) = 36*f + 192. Give v(-6).
-24
Let h(x) = -3*x + 43. Give h(9).
16
Let i(p) = -1063*p - 44649. Determine i(-42).
-3
Let b(m) = -m**3 - 10*m**2 + 63*m - 7. Give b(4).
21
Let j(s) = -16*s - 42. Calculate j(-3).
6
Let r(v) = -v**2 + 15510*v + 217330. What is r(-14)?
-6
Let t(c) = 7*c**2 - 94*c + 46. Give t(13).
7
Let z(u) = u**2 - 49*u + 260. What is z(43)?
2
Let c(b) = -26*b - 1675. Give c(-65).
15
Let a(k) = 11*k + 289. What is a(-29)?
-30
Let r(f) = -7*f**2 + 75*f + 11. Calculate r(11).
-11
Let g(p) = p**3 - 38*p**2 + 106*p - 20. What is g(35)?
15
Let f(o) = 42*o**2 + 878*o - 78. Give f(-21).
6
Let l(i) = -i**3 - 12*i**2 + 114*i + 1203. Give l(-10).
-137
Let t(q) = 253*q**2 + 32*q - 32. What is t(1)?
253
Let o(r) = -r**2 - 484*r - 40615. Give o(-108).
-7
Let l(i) = -27*i - 55. Calculate l(-5).
80
Let r(m) = -2*m**2 - 117*m - 1565. What is r(-20)?
-25
Let h(v) = -4*v**2 + 302*v + 1954. Give h(-6).
-2
Let z(s) = 2*s**3 + 359*s**2 + 164*s - 2686. Calculate z(-179).
-1
Let s(g) = 34*g + 42. Determine s(-6).
-162
Let d(n) = n**3 + 40*n**2 - 91*n - 104. Determine d(3).
10
Let t(v) = v**3 + 8*v**2 - 17*v + 62. Determine t(-10).
32
Let p(y) = -171*y - 703. Determine p(-4).
-19
Let d(z) = -z**2 + 497*z - 9523. What is d(20)?
17
Let g(p) = 64*p**2 - 97*p + 98. Determine g(1).
65
Let s(x) = -9*x**2 + 14*x + 24. Calculate s(-2).
-40
Let c(f) = -f**2 - 15*f - 14. Determine c(-12).
22
Let z(d) = -202*d + 395. Calculate z(2).
-9
Let i(m) = -m**2 + 42*m + 631. Calculate i(-12).
-17
Let i(q) = 22*q**2 - 299*q - 8. Calculate i(15).
457
Let d(c) = 34*c + 1065. Calculate d(-17).
487
Let y(o) = o**3 + 12*o**2 - 135*o - 22. Determine y(-20).
-522
Let v(f) = 16*f - 358. Determine v(28).
90
Let f(d) = 22*d**2 - 1097*d - 159. Give f(50).
-9
Let q(k) = 7*k**3 + 98*k**2 - 9*k + 17. Give q(-14).
143
Let a(c) = -3*c**2 + 1146*c - 23757. Give a(360).
3
Let o(g) = g**3 - 18*g**2 + 30*g + 100. Give o(16).
68
Let b(f) = -f**2 + 7*f + 644. Give b(29).
6
Let m(l) = 5*l**2 - 7*l + 5. Give m(2).
11
Let n(c) = -c**3 - 11*c**2 + 119*c + 1034. What is n(-7)?
5
Let o(f) = f**3 + 7*f**2 + 2*f + 7. Calculate o(-5).
47
Let t(u) = -239*u - 34. Give t(-2).
444
Let x(y) = -6*y**3 + 29*y**2 + 44*y + 25. Give x(6).
37
Let t(a) = -7*a**2 - 59*a - 14. Give t(-8).
10
Let i(a) = 2*a**2 - 17*a - 308. Give i(17).
-19
Let w(p) = -p**3 - 47*p**2 - 165*p + 281. Determine w(-43).
-20
Let c(b